uppose -7*d - 89 = -2*m + 7, 3*m - 4*d - 118 = 0. What is the greatest common divisor of 10 and m?
2
Let c be ((-586)/8)/((-16)/64). Let y = c + -179. Calculate the highest common divisor of y and 57.
57
Let w(y) = -17*y**2 - 469*y + 36. Let b be w(-12). What is the greatest common factor of b and 456?
24
Suppose -4*p + 5*t = -53419, 66782 = 5*p + 30*t - 28*t. What is the greatest common divisor of 504 and p?
252
Let n = -3015 + 3024. What is the highest common divisor of n and 57?
3
Let y(z) = z**2 - 2*z + 6. Let u be y(-4). Suppose 11*q + 120 = 19*q. What is the greatest common factor of q and u?
15
Let n be 3988*(-18)/(-96) + 1/4. Calculate the highest common factor of 255 and n.
17
Suppose -g = 2*d - 26, d + 1 = g - 37. Suppose m = 4*l + g, 0 = 7*m - 5*m + l - 113. Calculate the highest common divisor of 594 and m.
54
Suppose 864 = -94*v + 103*v. Let j be (1/(-2))/((-3)/(540/2)). Suppose 49*i = j*i + v. What is the highest common divisor of i and 84?
12
Suppose 385*m - 213 = 2867. Suppose -3*p + 64 = p. Suppose 0 = 3*c - 4*c + p. Calculate the highest common divisor of m and c.
8
Suppose 5*q - 4459 - 4704 = -2*q. What is the highest common factor of q and 833?
119
Suppose 103*w = 100*w + 414. Let b = 159 - w. Suppose 3*v = -5*s + 111, -2*s + 36 = -v + 2*v. What is the greatest common factor of v and b?
21
Suppose -4*h + 8 = -4. Let q be 34/5*(2 + h). Suppose s = -2*s - 2*m + 300, 216 = 2*s - 4*m. Calculate the greatest common factor of q and s.
34
Let z(b) be the first derivative of -b**4/4 + 7*b**3/3 - 5*b**2/2 + 5*b - 25. Let x be z(8). Let n = x - -101. Calculate the highest common divisor of 14 and n.
2
Let w = 402 + -411. Let o be ((-324)/w)/(4/4). What is the greatest common factor of o and 12?
12
Let h(t) = -4*t + 85. Let f be h(22). Let z be (-121 + -4)/((4 - 2) + f). Suppose -4*l + z = 5. Calculate the highest common factor of 20 and l.
10
Let q(n) = 2*n**2 + 12*n - 13. Let j(p) = -4*p + 1. Let x be j(2). Let b be q(x). Let v be 32/2 + 3*(b + -2). What is the highest common divisor of v and 65?
13
Let z be (14 - -284)*1 + -6. Calculate the highest common divisor of 657 and z.
73
Let i = -31 - -45. Let b be (-14)/147*3 + 46/i. Let a be 3480/50 + b/(-5). What is the highest common divisor of 23 and a?
23
Let v(u) = u**3 + 2*u**2 - 60*u - 6. Suppose -3*w + 49 = 6*g - g, -5*g + 4*w + 28 = 0. Let z be v(g). Calculate the greatest common factor of z and 28.
14
Suppose -1164 - 1878 - 1358 = -20*u. Suppose 2*q = -0*q + 80. Calculate the highest common factor of q and u.
20
Let p = -7 - -36. Let k = p + -29. Suppose 8*w - 527 - 17 = k. What is the highest common divisor of 102 and w?
34
Let j = 82 + -48. Let z(o) = -2*o**3 + 3*o**2 - 2*o + 6. Let s be z(3). Let r = s - -44. Calculate the greatest common factor of j and r.
17
Suppose -215*r - 59*r = -13700. Calculate the greatest common divisor of 450 and r.
50
Let g(c) = c**3 - 6*c**2 + 5*c + 7. Let l be g(5). Let q = -19813 + 20016. What is the highest common divisor of q and l?
7
Let w = -54 - -110. Calculate the highest common factor of 136 and w.
8
Let l(x) = 77*x + 846. Let w be l(26). Calculate the greatest common divisor of w and 267.
89
Suppose 33 - 53 + 2090 = 207*c. Calculate the highest common factor of c and 4630.
10
Let y(a) = 14*a - 35. Let m be y(3). Let x be (12/18)/(8/84). Calculate the greatest common divisor of x and m.
7
Let f = -8685 + 9102. Calculate the highest common factor of f and 21.
3
Suppose -1736 = -19*i - 558. Let o be (-1 - 4) + -1 + i. Calculate the greatest common divisor of o and 140.
28
Suppose q + 0*q + 388 = 3*h, -124 = -h + 3*q. Let l = h - 103. Let r(x) = 4*x + 3. Let z be r(6). What is the highest common divisor of z and l?
27
Suppose 27*i + 7050 = 30*i + 3*p, -4*i - 3*p = -9403. What is the greatest common divisor of i and 65?
13
Let a be (9/(-6) - -1)*-4. Let k = 16528 + -16278. Calculate the highest common factor of a and k.
2
Let c be (-2 + 96/(-15))*15/(-3). Let i = 130 - -38. What is the greatest common factor of i and c?
42
Let l(t) = -t**3 - 14*t**2 + 11*t - 25. Let h be l(-15). Suppose 6*g + 11*g = 476. What is the greatest common factor of g and h?
7
Let o = 26 - 28. Let h be o + 1*4/1*1. Let c(i) = 3*i**2 - 7*i + 9. Let k be c(h). What is the highest common divisor of 63 and k?
7
Suppose -51*f + 287729 = -352015. What is the greatest common factor of 98 and f?
98
Suppose -139*y + 10192 = -90*y. Calculate the greatest common divisor of y and 9776.
208
Suppose 4*g - 2108 = -0*g. Let d be 10509/(-678)*(-3 + -2 + 3). What is the highest common divisor of d and g?
31
Let f(w) = w**2 - 2*w - 40. Let r be f(-10). Let n be (3/(3/r))/2. Suppose 3*t + t = 20. What is the greatest common divisor of t and n?
5
Let m be (-68)/8 - 10/(-4). Let r(w) = -7*w + 16. Let l be r(m). Suppose 0 = 4*y + 5*z - 103, -l = -3*y + y + 4*z. What is the highest common factor of y and 3?
3
Let r be (-1 - (-3)/2)*630/((-28)/(-4)). Calculate the greatest common divisor of 333 and r.
9
Let y be (536 + 0 + 3)/1. Suppose 12*s - s = y. Let a = s + -38. Calculate the highest common factor of 33 and a.
11
Let y be 0 - (2*-32 - 1). Let j = 75 - y. Suppose 0 = -4*z - 2*a + 54, z + 5*a + j = 1. What is the greatest common factor of z and 144?
16
Let w = 23 + -21. Suppose -n + 36 = w*n. Let r = -59 + 83. What is the highest common divisor of r and n?
12
Suppose -100 = 8*x - 12*x. Suppose 2*q + 2*q - 177 = 3*r, 0 = -5*r + x. Calculate the greatest common divisor of q and 192.
48
Let x be (1/(-1))/(2/(-4)). Let y be 1755/10 - (99/18 - 7). Suppose -x*d = -y - 109. Calculate the highest common divisor of 13 and d.
13
Let s = 4484 - 3074. What is the greatest common divisor of s and 1034?
94
Suppose -14*u - 3348 = -17*u + 5*g, 4418 = 4*u + g. Calculate the greatest common divisor of u and 56.
14
Let h = -5159 + 5838. Calculate the highest common factor of 388 and h.
97
Let y be ((-3)/2)/(591/(-1576)). Calculate the greatest common factor of 83 and y.
1
Suppose 45 = 4*y - 5*h, 2*y + 2*h - 6*h - 30 = 0. Suppose -4*q - y*w + 44 = 0, 14 + 38 = 4*q + 3*w. Calculate the highest common factor of 2 and q.
2
Suppose -15*o + 16*o - 23613 = -d, 0 = -5*o - 4*d + 118072. What is the greatest common factor of 20 and o?
20
Suppose -4*x + 2*c = 14, 241*x - 245*x = 2*c - 22. Suppose -v - 1 = -2. What is the highest common factor of v and x?
1
Suppose 8*b = -264 - 328. Let g = 146 + b. What is the greatest common divisor of g and 144?
72
Let z = -2737 + 2809. What is the greatest common divisor of z and 11268?
36
Suppose 0*w = w - g - 368, 4*w - 2*g = 1464. What is the highest common divisor of w and 448?
28
Suppose -x = 2*b - 228, 484*b = -2*x + 489*b + 384. Calculate the highest common divisor of 244 and x.
4
Let y be -4 + 1780/220*11. Calculate the greatest common divisor of 8755 and y.
85
Let i be 6098/14 - ((-154)/(-98) - 1). Calculate the greatest common divisor of i and 1392.
87
Let j(v) = -40*v + 3. Let p(n) = -41*n + 4. Let q(r) = 6*j(r) - 5*p(r). Let s be q(-6). Calculate the greatest common factor of s and 13.
13
Let i(a) = -90*a + 6993. Let d be i(-130). What is the greatest common factor of 93 and d?
93
Suppose -4*o = -2*y - 540, -5*o - 2 = 3. Let t = y + 464. What is the greatest common factor of t and 12?
12
Let i(y) = 144*y**2 - 5*y - 6. Let h be i(-3). Calculate the greatest common divisor of 145 and h.
145
Let r(x) = -2*x + 6. Let l be r(-5). Suppose -17*i + 14*i = -3*w, -3*i - w = 4. Let b be (i - -15) + (0 - 2). Calculate the greatest common factor of l and b.
4
Let k be ((504/(-140))/((-1)/6))/(12/80). Calculate the greatest common divisor of 3888 and k.
144
Let l be (-1)/((3/(-336))/(-1)). Suppose -23*h - 11332 = -46200. Let y be h/14 - (-32)/l. Calculate the highest common factor of y and 72.
36
Suppose 2*r - 23 = 17. Suppose -26 = 2*o - r. Let p(f) = f**3 + f**2 - 6*f + 3. Let c be p(o). What is the greatest common factor of 9 and c?
3
Suppose -9*h - 6 = 57. Let t(d) = -d**3 - 4*d**2 + 18*d + 15. Let x be t(h). What is the greatest common factor of 48 and x?
12
Let m(z) = -33*z + 21. Let c = 252 - 253. Let q be m(c). What is the greatest common factor of 702 and q?
54
Suppose 225*t = 193*t + 52992. What is the highest common divisor of 2392 and t?
184
Suppose 72 = -3*z + 7*z.